4*q + 38. Suppose -9*f - 4 = -c*f. Let y be ((-16)/(-40))/((f/10)/2). Let m(t) = 3*t**2 + 2*t - 1. What is m(y)?
15
Let p(u) be the second derivative of 0 + 1/3*u**4 + 11/2*u**2 - 1/60*u**5 - 5/6*u**3 - 5*u. Let i(c) be the first derivative of p(c). Determine i(4).
11
Let t(f) = -2*f**2 + 9*f + 6. Let i(u) = -u**2 - 13*u + 64. Let b be i(-17). Let w be (270/(-243))/(b/18). Calculate t(w).
1
Let v(g) = g + 5. Let y = -111 - -111. Suppose -12 = 4*l, y = -5*x - l - 173 - 165. Let a = x + 63. Calculate v(a).
1
Let x(j) = 8 + 7*j + 4*j - 3 + 4. Let u(o) = 2*o + 1. Let k(p) = 5*u(p) - x(p). Give k(-6).
2
Let f(p) = 19*p**2 + 51*p - 162. Let i(n) = -7*n**2 - 17*n + 52. Let a(j) = 4*f(j) + 11*i(j). Determine a(7).
-6
Suppose -4*g = 3*c + 27, 3*g = -5*c - 652 + 607. Let b(p) = -p**3 - 8*p**2 + 6*p - 19. Give b(c).
8
Let h(y) = -y**2 - 4*y + 1. Let v(q) = -q**2 - 3*q + 2. Let s(o) = -6*h(o) + 7*v(o). Suppose 40*c = 36*c + 3*f + 45, -3*c - 17 = 5*f. Determine s(c).
-10
Suppose -3*c - 23 = -32. Let n be (-8)/12*c - -4. Let f be (-4 + n)*176/32. Let z(q) = -q**3 - 10*q**2 + 10*q - 7. Determine z(f).
4
Let q(m) = 10*m + 1. Let f(z) = -36*z + 43. Let s(a) = -f(a) - 4*q(a). Give s(-15).
13
Suppose -121*x = -120*x - 5. Suppose -5*f - 70 = x*f. Let v(m) = m**2 + 8*m + 9. Calculate v(f).
2
Suppose 4*k = -4*w - 16, 5*w + 13 = 4*k - 25. Let z be 8/(-12)*(w + 12) - -1. Let f(m) be the first derivative of -2*m**2 + m - 1. Give f(z).
13
Let t = -3262 - -3270. Let g(a) = a**3 - 7*a**2 - 12*a - 18. Determine g(t).
-50
Let u(f) = -47*f**3 + 30*f**2 + 32*f + 11. Let o(h) = 28*h**3 - 15*h**2 - 16*h - 6. Let w(l) = -5*o(l) - 3*u(l). Determine w(16).
-3
Let t(k) = -9*k**2 - k + 1. Suppose -3*n - 46 + 84 = 47. Determine t(n).
-77
Let u(j) = -10*j + 55. Suppose 17 = 5*t + 4*c, -4*c = 2*t - 11 + 9. Give u(t).
5
Let m(k) = -k**2 + 5*k + 1. Suppose 5*b - 14 = 19*b. Let a be 9*(1 - b)*4/12. Calculate m(a).
-5
Let b(w) = 2*w**3 - 3*w**2 + 3*w + 1. Let d(r) = -2*r**2 - 65*r + 2177. Let x be d(-53). Give b(x).
93
Suppose 4*f - 3*t = 133, 26*t = -3*f + 25*t + 90. Let s(o) = 69*o + o**2 - f*o + 12 - 52*o. What is s(12)?
-12
Let o(i) be the second derivative of -5/2*i**4 - 5*i + 0*i**3 - 1/720*i**6 + 0*i**2 + 0 - 1/120*i**5. Let f(m) be the third derivative of o(m). Determine f(-8).
7
Suppose 64 = 9*w + 19. Let h be (-108)/(-14) - w/(-35)*2. Let c(o) = -o - 3. Give c(h).
-11
Suppose 3 = 4*j + 5*n - 0*n, 4*n - 9 = -j. Let q(s) = s**2 + 4*s - 14. Let u(t) = -t**2 - 4*t + 14. Let g(m) = j*u(m) - 2*q(m). What is g(-6)?
-2
Let b(x) = 2*x - 54. Suppose -3*k + 5*n + 47 = 0, 0 = k - 2*n - 16 + 2. Determine b(k).
-6
Let a(h) = -h**2 + 6*h - 1. Let j be a(6). Let f(x) be the second derivative of 2*x**4/3 - x**2/2 + 32816*x. Give f(j).
7
Let m(t) = 40*t**2 + 10*t - 9. Let c be m(4). Let a(r) = -c - 8*r + 333 + 336. Determine a(1).
-10
Let s be (6/4)/((-2)/(-4)). Let f(h) be the first derivative of 232 - 2*h**2 + h**3 - 1/4*h**4 + 0*h. Calculate f(s).
-12
Let w(f) = 15*f + 3. Let t = 1133 + -1139. Calculate w(t).
-87
Suppose 2*c = -2*b + 2, b + 1 = -4*c - 1. Suppose 7*o = -9 + b. Let z be -6 + 4 + o + -2. Let x(n) = -n**3 - 4*n**2 + 2*n - 7. What is x(z)?
8
Let y(j) = 27*j - 10. Let n(w) = -55*w + 23. Let t(d) = 4*n(d) + 9*y(d). What is t(4)?
94
Let n(y) = y**3 + 9*y**2 + 17*y + 9. Suppose -6*w + 5*w = 3*z + 20, -4*w = -4*z - 32. Give n(z).
-12
Let l(r) be the first derivative of -r**3/2 + 3*r**2 + 85*r - 109. Let v(j) be the first derivative of l(j). What is v(3)?
-3
Let m(a) = 22*a - 5 + 22*a**2 + 0 - 6*a**3 + 5*a**3 + 15. Let p be m(23). Let r(x) = -x**2 - 17*x - 57. Let f be r(p). Let q(j) = j**2 + 4*j + 4. Give q(f).
9
Let o(j) be the second derivative of -5*j**3/3 - 5*j**2 + 3*j - 32. Let r(f) = -10*f - 12. Let p(v) = 5*o(v) - 4*r(v). Give p(-2).
18
Let j(f) be the second derivative of -f**5/20 - f**4/2 - f**3/3 - 3*f**2 - 411*f - 1. Give j(-5).
-21
Let r(j) = 3*j + 42. Suppose -o = -0*o - 10*o - 108. Calculate r(o).
6
Suppose 24*f + 375 = -f. Let i(w) = -3*w - 59. Determine i(f).
-14
Let q = -7729 - -7725. Let a(i) = 3 - i + 5*i - 3*i**2 + 1 + 2 - i**3. What is a(q)?
6
Suppose -780 = -36*m + 32*m. Let b(i) = -m*i**2 - 8 - 4*i + 194*i**2 + 9*i. Let r = 10 + -3. Determine b(r).
-22
Let i(m) = 3 - 2*m**3 - m**2 - 13*m**3 + 7*m**3 + 4*m. Let b be i(-2). Let l be (-242)/b - (4/(-10) - 0). Let k(d) = -d + 2. What is k(l)?
6
Suppose -2*f = -2*y - 22, 30*y - 27*y + 12 = 0. Let s(p) = p - 21. Determine s(f).
-14
Suppose 3*o + 39 = 22 + 8. Let j(t) = -23*t - 3. Determine j(o).
66
Suppose 0 = -49*l + 54*l + 20. Let r(t) = -t**2 - 8*t - 16. Let h be r(l). Let d(a) = -a - 29. Calculate d(h).
-29
Let g(a) be the second derivative of -1/12*a**4 - 3/2*a**2 + 74*a + 0 - 1/6*a**3. What is g(-5)?
-23
Let p(o) be the second derivative of 5*o + 3 + 1/6*o**3 + 1/20*o**5 + 1/2*o**4 + 3/2*o**2. Suppose 12 = -4*l + 2*l. Determine p(l).
-3
Let t(a) = a**2 + 14*a + 28. Let f be 370/(-34) + 3 + (876/68 - 13). Calculate t(f).
-20
Let b(s) be the first derivative of -s**4/12 + s**3/2 + s**2 - 81*s + 44. Let k(p) be the first derivative of b(p). Calculate k(-3).
-16
Let i(x) be the second derivative of -x**4/12 - x**3/6 - x**2/2 - x. Let b(f) = -f**2 + 161*f - 3060. Let n be b(139). Determine i(n).
-3
Let t be 3/(-6)*2*(-1 + -1). Let d(b) = -b - 7*b**t + 4 + 8*b**2 - 2 + 2*b**3 - 1. Suppose 3*n + 8 = 2. Give d(n).
-9
Let o = -6794 + 6795. Let u(p) = -15*p**3 + 3*p - 2. What is u(o)?
-14
Let g(w) be the second derivative of -w**5/10 - w**4/3 + 4*w**3/3 + 10*w**2 + 2333*w. Give g(-2).
4
Let v be (132/18)/(2/3). Let n be v/66 - (-38)/(-12). Let b(t) = -4*t - 3. Determine b(n).
9
Let p(y) = -y**2 - 21*y - 25. Let k(f) = 8*f + 8. Let l(u) = 17*k(u) + 6*p(u). Let a(z) = -5*z**2 + 10*z - 13. Let r(v) = 5*a(v) - 4*l(v). What is r(8)?
7
Suppose g = 323 + 294. Let v(x) = -621*x**2 - 2 + g*x**2 - 2*x + 0*x**3 + x**3. Let q(o) = -o**3 + 5*o**2 - 3*o + 1. Let t be q(4). Determine v(t).
13
Let p = 173 - 169. Let i(q) = -q**2 + 6*q - 4. Let o(y) = 3*y**2 - 18*y + 11. Let s(t) = 11*i(t) + 4*o(t). Determine s(p).
-8
Suppose 18*v - 22 = 16*v. Let q(y) = 6*y + 13 + 0*y - 7*y + 8. Calculate q(v).
10
Let b(r) = -3*r - 1. Let k(g) = -2*g**3 + 21*g**2 - 11*g + 22. Let h be k(10). Let x be (-2)/4 - (2 - h/8). Calculate b(x).
2
Let u(p) = p**2 + p - 20. Suppose -3*l = -4*x - 34, 2*x + 9 = x + l. Let s(o) = -o**2 - 10*o - 21. Let j be s(x). Give u(j).
-20
Suppose 2*u + x - 90 = -103, 17 = -3*u + x. Let s(g) = -7*g + 2. Let k(c) = c**2 + 1. Let i(w) = k(w) - s(w). Give i(u).
-7
Let r(f) be the second derivative of 2*f**5/5 - f**3/3 + f**2/2 - 366*f. What is r(1)?
7
Let a(y) = 3*y**2 - 11*y - 14. Let j(h) = -5*h**2 + 9*h + 11. Let q(m) = -3*a(m) - 2*j(m). Determine q(-13).
-6
Let u(q) = -9*q - 7. Let w(n) = -41*n - 24. Let s(x) = 6*u(x) - w(x). Determine s(-2).
8
Suppose 11*s = -3*a + 90, 4*s - 35 = -3*a - 8. Let k(d) = -2*d**2 + 13*d + 41. What is k(s)?
-4
Suppose 8*i - 34 = -2*o, -68 = -2*o - 2*o + 4*i. Let v(t) = -t**3 + 17*t**2 + 3*t - 7. Give v(o).
44
Let m(u) be the first derivative of u**4/4 - 5*u**3/3 - 3*u**2 + 3*u + 1. Let n(d) = 2*d**3 - 23*d**2 - 72*d + 32. Let s be n(14). Calculate m(s).
-37
Let p(q) be the second derivative of q**6/720 + q**5/30 - q**4/6 - 11*q**2 + 126*q. Let w(f) be the third derivative of p(f). Determine w(3).
7
Let f(g) be the second derivative of g**4/12 + 19083*g. Let j(s) = s**3 - 3*s**2 + 1. Let w be j(2). Give f(w).
9
Let y(n) be the third derivative of n**6/120 - n**5/10 - n**4/24 + 5*n**3/6 + 191*n**2 - n. Give y(5).
-25
Let d(i) be the first derivative of 31*i**6/360 - i**4/24 + 4*i**3/3 + 9*i - 135. Let g(w) be the third derivative of d(w). Give g(1).
30
Let y(j) = 213*j + 3. Let a(q) = 38*q + 1. Let x(s) = 11*a(s) - 2*y(s). Calculate x(15).
-115
Let u = -1296 - -779. Let j = 518 + u. Let l(t) = 37*t**2 - 1. Determine l(j).
36
Let c = -335 + 338. Suppose 4*b = 3*v + 21, -c = 2*v + 3*b - 6. Let z(y) = -2*y**2 + 5*y + 4. What is z(v)?
-29
Suppose 2*i = 4*u - 3*u + 42, 0 = -4*i - 4*u + 72. Let m(b) = -8*b + 82. Calculate m(i).
-78
Let w(q) = 20*q + 9. Suppose 5 = 4*p - d, 84*p - 86*p - 2*d - 20 = 0. Give w(p).
-11
Let w(p) = p + 1. Let t be 4 + 3/6*0/(-1). Let h(b) = -b. Let o(l) = 3*l + 13. Let d(x) = 